4548?
True
Is 3256 a multiple of 54?
False
Is 21 a factor of 11676?
True
Does 17 divide 11288?
True
Does 20 divide 2160?
True
Does 61 divide 110?
False
Does 22 divide 1518?
True
Is 27 a factor of 1026?
True
Does 9 divide 740?
False
Does 49 divide 129850?
True
Does 99 divide 1287?
True
Is 8553 a multiple of 34?
False
Does 17 divide 687?
False
Is 63 a factor of 5670?
True
Does 75 divide 2625?
True
Is 56 a multiple of 28?
True
Is 44 a factor of 1188?
True
Does 5 divide 16753?
False
Is 6 a factor of 89?
False
Is 1618 a multiple of 155?
False
Is 212 a multiple of 5?
False
Is 4 a factor of 152?
True
Does 53 divide 520?
False
Does 17 divide 13855?
True
Is 20 a factor of 51185?
False
Does 15 divide 1200?
True
Is 50 a factor of 10850?
True
Is 14 a factor of 140?
True
Is 28 a factor of 1288?
True
Is 24 a factor of 333?
False
Is 374 a multiple of 22?
True
Is 80 a factor of 6960?
True
Is 93 a factor of 465?
True
Is 450 a multiple of 5?
True
Is 3152 a multiple of 7?
False
Does 61 divide 68381?
True
Is 17 a factor of 7565?
True
Is 21054 a multiple of 174?
True
Does 53 divide 5777?
True
Does 9 divide 55459?
False
Is 68 a factor of 13668?
True
Is 2848 a multiple of 110?
False
Is 8 a factor of 5080?
True
Does 10 divide 9611?
False
Is 106 a factor of 130032?
False
Is 17 a factor of 408?
True
Does 17 divide 23871?
False
Is 16085 a multiple of 42?
False
Is 3 a factor of 282?
True
Is 11 a factor of 8100?
False
Is 74088 a multiple of 216?
True
Is 39 a multiple of 15?
False
Is 24 a factor of 4632?
True
Does 21 divide 1071?
True
Is 23 even?
False
Is 33 a factor of 1980?
True
Does 13 divide 4431?
False
Is 7863 a multiple of 53?
False
Does 152 divide 11036?
False
Is 29 a factor of 7044?
False
Does 43 divide 688?
True
Is 16 a factor of 18564?
False
Is 11 a multiple of 3?
False
Is 5681 a multiple of 13?
True
Does 88 divide 14888?
False
Is 1071 a multiple of 14?
False
Is 23 a factor of 28382?
True
Does 71 divide 6802?
False
Is 5 a factor of 793?
False
Does 7 divide 812?
True
Does 17 divide 986?
True
Does 107 divide 42580?
False
Does 67 divide 502?
False
Does 5 divide 6332?
False
Does 12 divide 22128?
True
Is 186 a factor of 4105?
False
Does 96 divide 7070?
False
Is 10 a factor of 382?
False
Is 8094 a multiple of 114?
True
Does 15 divide 3422?
False
Does 19 divide 45885?
True
Does 3 divide 2207?
False
Is 9267 a multiple of 68?
False
Does 54 divide 188?
False
Is 33 a factor of 15147?
True
Is 27930 a multiple of 35?
True
Is 19 a factor of 263?
False
Does 93 divide 2745?
False
Is 9 a factor of 1741?
False
Is 141 a factor of 9024?
True
Is 18 a factor of 2844?
True
Is 5934 a multiple of 26?
False
Is 495 a multiple of 33?
True
Does 19 divide 25055?
False
Does 18 divide 84?
False
Does 14 divide 555?
False
Does 110 divide 19380?
False
Does 16 divide 54468?
False
Does 158 divide 5633?
False
Is 980 a multiple of 98?
True
Is 1430 a multiple of 13?
True
Does 61 divide 1680?
False
Does 5 divide 2452?
False
Is 1001 a multiple of 11?
True
Does 56 divide 4816?
True
Does 103 divide 16629?
False
Is 17 a factor of 11713?
True
Is 107973 a multiple of 27?
True
Does 80 divide 17482?
False
Is 684 a multiple of 9?
True
Does 59 divide 488?
False
Is 8 a factor of 3176?
True
Is 34 a factor of 764?
False
Does 40 divide 6116?
False
Does 33 divide 7793?
False
Does 78 divide 4259?
False
Does 123 divide 22321?
False
Is 19 a factor of 72?
False
Is 24 a factor of 1397?
False
Is 1119 a multiple of 24?
False
Is 7711 a multiple of 57?
False
Is 72 a factor of 1625?
False
Is 47 a factor of 1945?
False
Does 137 divide 17673?
True
Is 52 a factor of 331?
False
Is 3483 a multiple of 3?
True
Does 66 divide 594?
True
Is 10 a factor of 4480?
True
Does 16 divide 85777?
False
Is 132 a factor of 5016?
True
Is 22 a factor of 1362?
False
Does 30 divide 256?
False
Is 42 a factor of 588?
True
Is 188 a multiple of 3?
False
Is 12 a factor of 300?
True
Is 4044 a multiple of 17?
False
Is 22246 a multiple of 15?
False
Does 102 divide 2142?
True
Is 21 a factor of 1281?
True
Is 103 a factor of 618?
True
Is 7 a factor of 6909?
True
Does 12 divide 900?
True
Does 92 divide 53577?
False
Does 11 divide 13685?
False
Does 31 divide 29967?
False
Is 18 a factor of 864?
True
Is 1079 a multiple of 7?
False
Is 14 a factor of 336?
True
Is 697 a multiple of 50?
False
Does 10 divide 2335?
False
Does 24 divide 4122?
False
Is 780 a multiple of 13?
True
Does 26 divide 10375?
False
Is 4857 a multiple of 49?
False
Is 7 a factor of 618?
False
Does 8 divide 10220?
False
Is 2291 a multiple of 28?
False
Does 92 divide 1380?
True
Does 74 divide 12136?
True
Does 32 divide 5394?
False
Is 27276 a multiple of 17?
False
Is 24 a factor of 456?
True
Is 4 a factor of 36330?
False
Is 115 a factor of 9243?
False
Is 29 a factor of 11426?
True
Is 1466 a multiple of 100?
False
Is 1313 a multiple of 6?
False
Is 713 a multiple of 6?
False
Does 7 divide 193?
False
Is 41552 a multiple of 28?
True
Is 15 a factor of 2552?
False
Is 67 a factor of 1474?
True
Is 6 a factor of 9354?
True
Does 7 divide 516?
False
Is 55 a factor of 7812?
False
Is 14 a factor of 41412?
True
Does 7 divide 21566?
False
Is 37 a multiple of 11?
False
Does 81 divide 38151?
True
Does 6 divide 38502?
True
Does 7 divide 2401?
True
Is 19796 a multiple of 202?
True
Is 33 a factor of 14128?
False
Is 7 a factor of 448?
True
Is 2909 a multiple of 4?
False
Does 15 divide 2985?
True
Is 13 a factor of 1070?
False
Does 65 divide 201?
False
Is 119 even?
False
Does 110 divide 1836?
False
Does 17 divide 11271?
True
Does 16 divide 2744?
False
Is 47 a factor of 3478?
True
Is 34 a factor of 4352?
True
Is 24 a factor of 94?
False
Is 866 a multiple of 5?
False
Does 21 divide 12593?
False
Is 5688 a multiple of 3?
True
Is 4 a factor of 276?
True
Does 59 divide 118?
True
Is 22178 a multiple of 37?
False
Does 10 divide 160?
True
Is 28416 a multiple of 37?
True
Does 15 divide 10440?
True
Does 12 divide 468?
True
Is 85345 a multiple of 13?
True
Is 18 a factor of 1314?
True
Does 33 divide 429?
True
Is 288 a factor of 7705?
False
Does 18 divide 2391?
False
Is 690 a multiple of 46?
True
Is 28080 a multiple of 289?
False
Does 6 divide 3673?
False
Is 447 a multiple of 14?
False
Is 25164 a multiple of 12?
True
Is 23 a factor of 4170?
False
Is 65 a factor of 941?
False
Is 15 a factor of 14790?
True
Is 43 a factor of 4171?
True
Does 314 divide 4073?
False
Is 7035 a multiple of 15?
True
Is 68 a factor of 476?
True
Does 7 divide 2408?
True
Is 7 a factor of 413?
True
Is 1593 a multiple of 27?
True
Is 10 a factor of 2760?
True
Is 26708 a multiple of 41?
False
Is 3 a factor of 19?
False
Is 39 a factor of 2625?
False
Is 2245 a multiple of 10?
False
Is 356 a multiple of 12?
False
Is 1420 a multiple of 15?
False
Does 20 divide 2108?
False
Does 22 divide 1496?
True
Is 115127 a multiple of 254?
False
Is 8050 a multiple of 50?
True
Is 133 a multiple of 4?
False
Is 50 a factor of 4195?
False
Is 99 a multiple of 11?
True
Does 18 divide 999?
False
Is 4 a factor of 163?
False
Does 246 divide 57318?
True
Is 28417 a multiple of 64?
False
Does 226 divide 7458?
True
Is 3 a factor of 834?
True
Is 2 a factor of 156?
True
Does 33 divide 4158?
True
Is 68 a factor of 24018?
False
Is 1020 a multiple of 20?
True
Is 64 a factor of 4096?
True
Is 874 a multiple of 23?
True
Does 184 divide 38079?
False
Is 29 a factor of 5192?
False
Does 121 divide 15851?
True
Is 999 a multiple of 46?
False
Is 32886 a multiple of 14?
True
Does 44 divide 24190?
False
Is 12330 a multiple of 18?
True
Does 84 divide 19572?
True
Is 20280 a multiple of 39?
True
Is 37 a factor of 444?
True
Is 635 a multiple of 98?
False
Is 23 a factor of 6313?
False
Does 12 divide 3292?
False
Is 7 a factor of 263?
False
Does 12 divide 26388?
True
Is 553 a multiple of 34?
False
Does 40 divide 31102?
False
Is 78 a factor of 7724?
False
Does 44 divide 9064?
True
Does 5 divide 8?
False
Is 2893 a multiple of 12?
False
Is 112 a multiple of 8?
True
Does 61 divide 1403?
True
Is 2296 a multiple of 14?
True
Is 20976 a multiple of 92?
True
Is 5 a factor of 205?
True
Is 24300 a multiple of 27?
True
Is 32877 a multiple of 39?
True
Is 4769 a multiple of 7?
False
Is 14832 a multiple of 103?
True
Is 1377 a multiple of 31?
False
Is 223 a multiple of 8?
False
Is 4860 a multiple of 243?
True
Is 17 a factor of 2584?
True
